he prime factors of j.
2, 7
Suppose 415739 = 21*g - 136519. List the prime factors of g.
2, 3, 487
Let q(o) = o**3 + 13*o**2 + 2*o + 16. Let g be 128/2*5*(-10)/100. Let t = -43 - g. List the prime factors of q(t).
2, 59
Suppose 0 = g + 3*p - 15685, p = 3*g - 57247 + 10152. What are the prime factors of g?
11, 1427
Let j = -3076 + 3678. List the prime factors of j.
2, 7, 43
Suppose 0 = -c + 76 - 12. Let d be ((-195)/52)/((-6)/c). Let r = d + -31. List the prime factors of r.
3
Let j be 6/(-21) - 24*2/(-21). What are the prime factors of (9 + -7 - 3)/(j/(-590))?
5, 59
List the prime factors of 4/((-64)/(-53934)) + (-2)/(-16).
3371
Let v be 2 - ((-4)/(-26) + (-72)/(-39)). Suppose 42*m + 11164 - 50056 = v. What are the prime factors of m?
2, 463
Suppose -4*w - 4*v + 43684 = 0, 2*w = -w + 6*v + 32718. List the prime factors of w.
2, 2729
Let b = 396 + -398. Let v(p) be the second derivative of 2*p**4/3 + 2*p**3/3 + 3*p**2/2 + 2*p. What are the prime factors of v(b)?
3
Let c(k) = -k**3 - 8*k**2 + 6*k + 2. Let z be c(-9). Suppose -18*n = -z*n + 1463. List the prime factors of n.
7, 19
Let i(l) = -7*l - 12*l + 9 - 20*l + 5*l. Let s be i(-18). Suppose 0 = -49*n + 46*n + s. What are the prime factors of n?
3, 23
Let j(c) = c + 62. Let x be j(-12). Suppose -x - 874 = -3*d. What are the prime factors of d?
2, 7, 11
Let p = -17 - -109. Let f = 1021 + p. Suppose 0 = 16*a - 1175 - f. What are the prime factors of a?
11, 13
Suppose -s - 5*n + 13412 = -4483, 4*s - 3*n = 71465. What are the prime factors of s?
2, 5, 1787
List the prime factors of ((-2)/15 + 532/(-210))/(20/(-69270)).
2, 2309
Suppose 36*b - 3820 = 87764. Suppose 4*m = -5*t + 2547, 3*t + 2*t + 3*m - b = 0. What are the prime factors of t?
3, 13
List the prime factors of 16 + (-19 - -17) - 18 - (-13989 - 0).
5, 2797
Let k be ((-789)/(-3))/(0 - -2)*6. Suppose -1131 - k = -10*a. List the prime factors of a.
2, 3
Let o(x) = -x**2 + 10*x - 8. Let g be o(6). Suppose -1911 = -12*b + 9*b - 3*c, 3*c = 3*b - 1929. Suppose -g*t + b = -11*t. What are the prime factors of t?
2
What are the prime factors of 166076/24 - ((-120)/300)/((-12)/(-5))?
2, 5, 173
Suppose 18*s + 8 = -p + 21*s, s = 1. List the prime factors of (-3382)/p + 4*(-15)/(-100).
677
Let g be (-8)/76 - (-156)/38. Suppose 0 = -8*y + 10*y - 8, -g*j + 872 = -y. What are the prime factors of j?
3, 73
Let o(y) = y**2 + 244*y - 5455. What are the prime factors of o(188)?
7, 79, 137
Suppose q = -2*o + 567, 3234 = 5*q - o + 366. Let d(r) = -q + 276 - r + r**2 + 274. What are the prime factors of d(8)?
3, 11
Let a = -16284 + 30143. List the prime factors of a.
13859
Suppose -39 = -4*b - 23. Suppose -b*r = 369 - 889. What are the prime factors of r?
2, 5, 13
Suppose 11*t - 53 = 145. Let g(a) = 1 - 2*a**2 - 14*a + 4*a**2 + a**2 - 2*a**2. What are the prime factors of g(t)?
73
Suppose 4*s - 4*c = 4384, s - 384 = 7*c + 742. What are the prime factors of s?
1091
Let r = 39546 + -23088. List the prime factors of r.
2, 3, 13, 211
Suppose -92 = -39*r + 37*r. Suppose 0 = 3*i + 5*c - 114, -4*c + r = i - 5*c. List the prime factors of i.
43
Suppose 3*w + 21 = 0, 0 = -k + 3*w + 2274 + 16144. List the prime factors of k.
18397
Suppose -4*z = -0*w + 3*w - 753, 3*z = -5*w + 1266. Let c = w + -16. What are the prime factors of c?
239
Let g(v) = 25*v + 6. Let k be g(-7). Let x = k - -583. List the prime factors of x.
2, 3, 23
Let m = 11 - 4. Let c be 19/m - 14/(-49). Suppose 3*x - 332 = -5*n + 5*x, -3*x = c*n - 216. What are the prime factors of n?
2, 17
Suppose -2*s = -z - 478, -2*s + 4*z = 2*z - 482. Let h be (-9*3)/(-3)*11. Let f = s - h. List the prime factors of f.
2, 3, 23
Let d = -802 - -1348. Suppose -5*r - b + 701 = 2*b, -4*r + 5*b + d = 0. What are the prime factors of r?
139
Suppose -8*v = -7*v - 5, -v = -2*a + 13327. List the prime factors of a.
2, 3, 11, 101
Let x = -27535 - -62660. What are the prime factors of x?
5, 281
Suppose -11*p = 6*p - 6715. Suppose -g = 3*s - p, s = -4*s. List the prime factors of g.
5, 79
Let o = 301 + -166. Suppose -3*j + o = 9*c - 7*c, -3*c + 180 = -3*j. List the prime factors of c.
3, 7
Let s(r) be the first derivative of -47*r**2/2 - 60*r - 71. What are the prime factors of s(-11)?
457
What are the prime factors of (2/5)/((-438)/(-3285))*17967?
3, 53, 113
Let g(r) = r**3 + 34*r**2 + 44*r - 153. Let a be g(-22). Suppose -5*l + 10*s = 14*s - a, -3*s + 1879 = 2*l. What are the prime factors of l?
5, 11, 17
What are the prime factors of 26406/4*(63 - 57)?
3, 163
Suppose 16*d - 30*d + 2338 = 0. Let s = d - 67. Let i = s - 77. What are the prime factors of i?
23
Let z = 19645 + 5389. What are the prime factors of z?
2, 12517
Suppose -4*q + q = 2*v + 430, -3*v + 5*q = 664. Let a = v + 153. Let k = -36 - a. List the prime factors of k.
29
Let l = -4 - -7. Let o(s) = 11 - 2 + 30*s - 3 - 7. What are the prime factors of o(l)?
89
What are the prime factors of (968/12)/(72/1404)?
11, 13
Suppose 248*l - 149294 = 231*l. What are the prime factors of l?
2, 4391
Let o = 7298 - 5170. Suppose -143*h + 135*h = -o. List the prime factors of h.
2, 7, 19
Let t = 202 + -200. Suppose -2*w = t*m - 495 - 311, -w - 5*m + 415 = 0. What are the prime factors of w?
2, 5
Suppose 3*b + 33 = -3*l, 0 = -4*b - 2*l + l - 47. What are the prime factors of (0 - (-16)/b)*(-2346)/4?
2, 17, 23
Suppose 9*b - 45759 = -10074. List the prime factors of b.
5, 13, 61
Suppose 4*b - 1836 = 632. What are the prime factors of b?
617
Let h(u) = -5*u - 4. Let b(m) = m**3 - 12*m**2 + m - 8. Let o be b(12). Let g be h(o). List the prime factors of g*((-10)/(-15))/(-2).
2
Let v = -8413 - -53844. What are the prime factors of v?
181, 251
What are the prime factors of (-208)/1040 - (-2)/20 - (-15642)/20?
2, 17, 23
Suppose -2 + 1 = -4*x + i, 2*x + i - 5 = 0. Suppose -n + x = -19. Suppose -7*g = -n*g + 2535. List the prime factors of g.
3, 5, 13
Let q(f) = -f - 23. Let r be q(-8). Let u(m) = m**2 + 11*m + 25. Let z be u(r). Let n = z - -87. What are the prime factors of n?
2, 43
Let w(g) = -29*g**2 + 11*g - 2*g**3 + g**3 + 0*g**3 - 5 + 33*g**2. What are the prime factors of w(-9)?
13, 73
Let u be -3 + 10/5 + -379. Let y = u + 665. Let g = -186 + y. What are the prime factors of g?
3, 11
Let a be 18/(-4)*(79 + -57). Let k be ((-12)/7)/((-6)/105). Let w = k - a. What are the prime factors of w?
3, 43
Suppose o = -2*j + 57750, -4*o + j = -81366 - 149679. What are the prime factors of o?
2, 5, 19
Let x be (-46)/(21/(-18) - 3/(-18)). Let r = -42 + x. List the prime factors of r/(-6) + (-748)/(-6).
2, 31
Suppose -1976*q + 31508 = -1972*q. List the prime factors of q.
7877
What are the prime factors of (42/7 - 9) + 1289*(-3 + 16)?
2, 8377
Suppose -8193 = 15*l - 123. Let a = l - -778. What are the prime factors of a?
2, 3, 5
Let l = -16 - -19. Suppose a + 7*d - 6 = l*d, -5*a + 8 = -2*d. Suppose 14 = a*t - c, -t + 5*c - 21 = -10. List the prime factors of t.
3
Let w = -1263 + 2257. What are the prime factors of w?
2, 7, 71
Let b(t) = 2*t + 3. Let y be b(1). Suppose -5*q + 6*q + 2*z - 143 = 0, q = y*z + 164. List the prime factors of q.
149
List the prime factors of (-2*(-1)/5)/((-214)/(-2004110)).
2, 1873
Let a = 2300 + 4932. List the prime factors of a.
2, 113
Suppose -13*b + 1386 = -7*b. Suppose -9 = -3*k, -3*f - 5*k - b = -f. Let i = 178 + f. List the prime factors of i.
5, 11
Suppose 56 + 664 = 5*i. Suppose 30*n = 26*n + i. List the prime factors of n.
2, 3
What are the prime factors of 504758/161 - -22 - 2/14?
7, 11, 41
Suppose -23*f = -20*f - 198. What are the prime factors of f + (-4 - (4 + -6))?
2
Suppose 1824 = -5*u + 4*m - 4625, m = 2*u + 2582. Let o = u + 2134. List the prime factors of o.
29
Suppose -3*d + 10873 = -13961. List the prime factors of d.
2, 4139
Suppose -28*x = -8*x - 40. Suppose 5*a - 2135 = 3*n, 7*a - n = x*a + 2145. What are the prime factors of a?
2, 5, 43
Let t(f) = 83*f - 644. List the prime factors of t(35).
7, 17, 19
Let x(p) = p**3 - 39*p**2 - 59*p - 63. Let m be (-85 - -3)*(-4)/8. What are the prime factors of x(m)?
2, 5, 11
Suppose -2*h + 16*h = -2*h. Suppose -2424 = -h*l - 3*l. What are the prime factors of l?
2, 101
Suppose 152*q - 280169 - 305639 = 0. What are the prime factors of q?
2, 41, 47
Let d(k) = 2*k**2 + 70*k + 94. Let v(l) = 35*l + 47. Let q(